[INFO] cloning repository https://github.com/benjamin-thomas/sqlx-pb
[INFO] running `Command { std: "git" "-c" "credential.helper=" "-c" "credential.helper=/workspace/cargo-home/bin/git-credential-null" "clone" "--bare" "https://github.com/benjamin-thomas/sqlx-pb" "/workspace/cache/git-repos/https%3A%2F%2Fgithub.com%2Fbenjamin-thomas%2Fsqlx-pb", kill_on_drop: false }`
[INFO] [stderr] Cloning into bare repository '/workspace/cache/git-repos/https%3A%2F%2Fgithub.com%2Fbenjamin-thomas%2Fsqlx-pb'...
[INFO] running `Command { std: "git" "rev-parse" "HEAD", kill_on_drop: false }`
[INFO] [stdout] 9099ba76fb107be6fcb21c553ec2ab12c1f217ff
[INFO] checking benjamin-thomas/sqlx-pb against master#9610dfe5a9a731ced1ea4923ecbd0c57fe367898 for beta-170-4
[INFO] running `Command { std: "git" "clone" "/workspace/cache/git-repos/https%3A%2F%2Fgithub.com%2Fbenjamin-thomas%2Fsqlx-pb" "/workspace/builds/worker-5-tc1/source", kill_on_drop: false }`
[INFO] [stderr] Cloning into '/workspace/builds/worker-5-tc1/source'...
[INFO] [stderr] done.
[INFO] validating manifest of git repo https://github.com/benjamin-thomas/sqlx-pb on toolchain 9610dfe5a9a731ced1ea4923ecbd0c57fe367898
[INFO] running `Command { std: CARGO_HOME="/workspace/cargo-home" RUSTUP_HOME="/workspace/rustup-home" "/workspace/cargo-home/bin/cargo" "+9610dfe5a9a731ced1ea4923ecbd0c57fe367898" "metadata" "--manifest-path" "Cargo.toml" "--no-deps", kill_on_drop: false }`
[INFO] started tweaking git repo https://github.com/benjamin-thomas/sqlx-pb
[INFO] finished tweaking git repo https://github.com/benjamin-thomas/sqlx-pb
[INFO] tweaked toml for git repo https://github.com/benjamin-thomas/sqlx-pb written to /workspace/builds/worker-5-tc1/source/Cargo.toml
[INFO] crate git repo https://github.com/benjamin-thomas/sqlx-pb already has a lockfile, it will not be regenerated
[INFO] running `Command { std: CARGO_HOME="/workspace/cargo-home" RUSTUP_HOME="/workspace/rustup-home" "/workspace/cargo-home/bin/cargo" "+9610dfe5a9a731ced1ea4923ecbd0c57fe367898" "fetch" "--manifest-path" "Cargo.toml", kill_on_drop: false }`
[INFO] running `Command { std: "docker" "create" "-v" "/var/lib/crater-agent-workspace/builds/worker-5-tc1/target:/opt/rustwide/target:rw,Z" "-v" "/var/lib/crater-agent-workspace/builds/worker-5-tc1/source:/opt/rustwide/workdir:ro,Z" "-v" "/var/lib/crater-agent-workspace/cargo-home:/opt/rustwide/cargo-home:ro,Z" "-v" "/var/lib/crater-agent-workspace/rustup-home:/opt/rustwide/rustup-home:ro,Z" "-e" "SOURCE_DIR=/opt/rustwide/workdir" "-e" "CARGO_TARGET_DIR=/opt/rustwide/target" "-e" "CARGO_HOME=/opt/rustwide/cargo-home" "-e" "RUSTUP_HOME=/opt/rustwide/rustup-home" "-w" "/opt/rustwide/workdir" "-m" "1610612736" "--user" "0:0" "--network" "none" "ghcr.io/rust-lang/crates-build-env/linux@sha256:19e73879b68f455e41552ea35293514db52ea292d993f571636dbffedb77a1ee" "/opt/rustwide/cargo-home/bin/cargo" "+9610dfe5a9a731ced1ea4923ecbd0c57fe367898" "metadata" "--no-deps" "--format-version=1", kill_on_drop: false }`
[INFO] [stdout] 64cbd4b4eaed218e9645d698180e5ce80c5eace0bca179215b676a6e8ae2a7de
[INFO] running `Command { std: "docker" "start" "-a" "64cbd4b4eaed218e9645d698180e5ce80c5eace0bca179215b676a6e8ae2a7de", kill_on_drop: false }`
[INFO] running `Command { std: "docker" "inspect" "64cbd4b4eaed218e9645d698180e5ce80c5eace0bca179215b676a6e8ae2a7de", kill_on_drop: false }`
[INFO] running `Command { std: "docker" "rm" "-f" "64cbd4b4eaed218e9645d698180e5ce80c5eace0bca179215b676a6e8ae2a7de", kill_on_drop: false }`
[INFO] [stdout] 64cbd4b4eaed218e9645d698180e5ce80c5eace0bca179215b676a6e8ae2a7de
[INFO] running `Command { std: "docker" "create" "-v" "/var/lib/crater-agent-workspace/builds/worker-5-tc1/target:/opt/rustwide/target:rw,Z" "-v" "/var/lib/crater-agent-workspace/builds/worker-5-tc1/source:/opt/rustwide/workdir:ro,Z" "-v" "/var/lib/crater-agent-workspace/cargo-home:/opt/rustwide/cargo-home:ro,Z" "-v" "/var/lib/crater-agent-workspace/rustup-home:/opt/rustwide/rustup-home:ro,Z" "-e" "SOURCE_DIR=/opt/rustwide/workdir" "-e" "CARGO_TARGET_DIR=/opt/rustwide/target" "-e" "CARGO_INCREMENTAL=0" "-e" "RUST_BACKTRACE=full" "-e" "RUSTFLAGS=--cap-lints=forbid" "-e" "RUSTDOCFLAGS=--cap-lints=forbid" "-e" "CARGO_HOME=/opt/rustwide/cargo-home" "-e" "RUSTUP_HOME=/opt/rustwide/rustup-home" "-w" "/opt/rustwide/workdir" "-m" "1610612736" "--user" "0:0" "--network" "none" "ghcr.io/rust-lang/crates-build-env/linux@sha256:19e73879b68f455e41552ea35293514db52ea292d993f571636dbffedb77a1ee" "/opt/rustwide/cargo-home/bin/cargo" "+9610dfe5a9a731ced1ea4923ecbd0c57fe367898" "check" "--frozen" "--all" "--all-targets" "--message-format=json", kill_on_drop: false }`
[INFO] [stdout] 04097c366866888b28bda73cf3f25500d0a0d316aa8f2a60d1a903a16f3a0d1b
[INFO] running `Command { std: "docker" "start" "-a" "04097c366866888b28bda73cf3f25500d0a0d316aa8f2a60d1a903a16f3a0d1b", kill_on_drop: false }`
[INFO] [stderr]    Compiling proc-macro2 v1.0.39
[INFO] [stderr]    Compiling unicode-ident v1.0.0
[INFO] [stderr]    Compiling syn v1.0.95
[INFO] [stderr]    Compiling log v0.4.17
[INFO] [stderr]    Compiling pkg-config v0.3.25
[INFO] [stderr]    Compiling cc v1.0.73
[INFO] [stderr]    Compiling futures-core v0.3.21
[INFO] [stderr]    Compiling once_cell v1.10.0
[INFO] [stderr]    Compiling openssl v0.10.40
[INFO] [stderr]    Compiling libc v0.2.126
[INFO] [stderr]    Compiling generic-array v0.14.5
[INFO] [stderr]    Compiling ahash v0.7.6
[INFO] [stderr]    Compiling lock_api v0.4.7
[INFO] [stderr]    Compiling native-tls v0.2.10
[INFO] [stderr]    Compiling serde_derive v1.0.137
[INFO] [stderr]    Compiling memchr v2.5.0
[INFO] [stderr]     Checking getrandom v0.2.6
[INFO] [stderr]    Compiling num-traits v0.2.15
[INFO] [stderr]    Compiling crossbeam-utils v0.8.8
[INFO] [stderr]    Compiling futures-task v0.3.21
[INFO] [stderr]    Compiling serde v1.0.137
[INFO] [stderr]    Compiling subtle v2.4.1
[INFO] [stderr]    Compiling pin-project-lite v0.2.9
[INFO] [stderr]    Compiling tinyvec v1.6.0
[INFO] [stderr]    Compiling indexmap v1.8.1
[INFO] [stderr]    Compiling futures-util v0.3.21
[INFO] [stderr]    Compiling futures-channel v0.3.21
[INFO] [stderr]    Compiling crossbeam-queue v0.3.5
[INFO] [stderr]    Compiling serde_json v1.0.81
[INFO] [stderr]    Compiling socket2 v0.4.4
[INFO] [stderr]    Compiling mio v0.8.3
[INFO] [stderr]    Compiling num_cpus v1.13.1
[INFO] [stderr]    Compiling quote v1.0.18
[INFO] [stderr]     Checking block-buffer v0.10.2
[INFO] [stderr]    Compiling crypto-common v0.1.3
[INFO] [stderr]    Compiling instant v0.1.12
[INFO] [stderr]    Compiling smallvec v1.8.0
[INFO] [stderr]    Compiling tokio v1.18.2
[INFO] [stderr]    Compiling digest v0.10.3
[INFO] [stderr]    Compiling unicode-bidi v0.3.8
[INFO] [stderr]    Compiling openssl-probe v0.1.5
[INFO] [stderr]    Compiling scopeguard v1.1.0
[INFO] [stderr]    Compiling hashbrown v0.11.2
[INFO] [stderr]    Compiling rand_core v0.6.3
[INFO] [stderr]    Compiling parking_lot_core v0.8.5
[INFO] [stderr]    Compiling cpufeatures v0.2.2
[INFO] [stderr]    Compiling openssl-sys v0.9.73
[INFO] [stderr]    Compiling futures-sink v0.3.21
[INFO] [stderr]    Compiling hmac v0.12.1
[INFO] [stderr]    Compiling nom v7.1.1
[INFO] [stderr]    Compiling rand_chacha v0.3.1
[INFO] [stderr]    Compiling unicode-normalization v0.1.19
[INFO] [stderr]    Compiling parking_lot v0.11.2
[INFO] [stderr]    Compiling dirs-sys v0.3.7
[INFO] [stderr]    Compiling ryu v1.0.10
[INFO] [stderr]    Compiling paste v1.0.7
[INFO] [stderr]    Compiling itoa v1.0.2
[INFO] [stderr]     Checking minimal-lexical v0.2.1
[INFO] [stderr]    Compiling crc-catalog v1.1.1
[INFO] [stderr]    Compiling unicode_categories v0.1.1
[INFO] [stderr]    Compiling crc v2.1.0
[INFO] [stderr]     Checking itertools v0.10.3
[INFO] [stderr]    Compiling hashlink v0.7.0
[INFO] [stderr]    Compiling idna v0.2.3
[INFO] [stderr]    Compiling stringprep v0.1.2
[INFO] [stderr]    Compiling atoi v0.4.0
[INFO] [stderr]    Compiling dirs v4.0.0
[INFO] [stderr]    Compiling futures-intrusive v0.4.0
[INFO] [stderr]    Compiling rand v0.8.5
[INFO] [stderr]    Compiling hkdf v0.12.3
[INFO] [stderr]    Compiling sha-1 v0.10.0
[INFO] [stderr]    Compiling sha2 v0.10.2
[INFO] [stderr]    Compiling url v2.2.2
[INFO] [stderr]    Compiling md-5 v0.10.1
[INFO] [stderr]    Compiling byteorder v1.4.3
[INFO] [stderr]    Compiling unicode-segmentation v1.9.0
[INFO] [stderr]    Compiling base64 v0.13.0
[INFO] [stderr]    Compiling event-listener v2.5.2
[INFO] [stderr]    Compiling hex v0.4.3
[INFO] [stderr]    Compiling whoami v1.2.1
[INFO] [stderr]    Compiling sqlformat v0.1.8
[INFO] [stderr]    Compiling heck v0.4.0
[INFO] [stderr]    Compiling dotenv v0.15.0
[INFO] [stderr]    Compiling openssl-macros v0.1.0
[INFO] [stderr]    Compiling tokio-macros v1.7.0
[INFO] [stderr]    Compiling thiserror-impl v1.0.31
[INFO] [stderr]    Compiling tokio-stream v0.1.8
[INFO] [stderr]    Compiling thiserror v1.0.31
[INFO] [stderr]    Compiling tokio-native-tls v0.3.0
[INFO] [stderr]    Compiling sqlx-rt v0.5.13
[INFO] [stderr]     Checking sqlx-core v0.5.13
[INFO] [stderr]    Compiling sqlx-macros v0.5.13
[INFO] [stderr]     Checking sqlx v0.5.13
[INFO] [stderr]     Checking sqlx-pb v0.1.0 (/opt/rustwide/workdir)
[INFO] [stdout] error: error communicating with database: Cannot assign requested address (os error 99)
[INFO] [stdout]    --> src/main.rs:72:5
[INFO] [stdout]     |
[INFO] [stdout] 72  | /     sqlx::query!(
[INFO] [stdout] 73  | |         r#"
[INFO] [stdout] 74  | |         INSERT INTO jobs (status, payload, params)
[INFO] [stdout] 75  | |         VALUES ($1, $2, NULL)
[INFO] [stdout] ...   |
[INFO] [stdout] 103 | |         json!(Params::FollowUp(false)),
[INFO] [stdout] 104 | |     )
[INFO] [stdout]     | |_____^
[INFO] [stdout]     |
[INFO] [stdout]     = note: this error originates in the macro `$crate::sqlx_macros::expand_query` which comes from the expansion of the macro `sqlx::query` (in Nightly builds, run with -Z macro-backtrace for more info)
[INFO] [stdout] 
[INFO] [stdout] 
[INFO] [stdout] error: error communicating with database: Cannot assign requested address (os error 99)
[INFO] [stdout]    --> src/main.rs:72:5
[INFO] [stdout]     |
[INFO] [stdout] 72  | /     sqlx::query!(
[INFO] [stdout] 73  | |         r#"
[INFO] [stdout] 74  | |         INSERT INTO jobs (status, payload, params)
[INFO] [stdout] 75  | |         VALUES ($1, $2, NULL)
[INFO] [stdout] ...   |
[INFO] [stdout] 103 | |         json!(Params::FollowUp(false)),
[INFO] [stdout] 104 | |     )
[INFO] [stdout]     | |_____^
[INFO] [stdout]     |
[INFO] [stdout]     = note: this error originates in the macro `$crate::sqlx_macros::expand_query` which comes from the expansion of the macro `sqlx::query` (in Nightly builds, run with -Z macro-backtrace for more info)
[INFO] [stdout] 
[INFO] [stdout] 
[INFO] [stdout] error: error communicating with database: Cannot assign requested address (os error 99)
[INFO] [stdout]    --> src/main.rs:123:16
[INFO] [stdout]     |
[INFO] [stdout] 123 |       let jobs = sqlx::query_as!(
[INFO] [stdout]     |  ________________^
[INFO] [stdout] 124 | |         JobRow,
[INFO] [stdout] 125 | |         r#"
[INFO] [stdout] 126 | |             UPDATE jobs
[INFO] [stdout] ...   |
[INFO] [stdout] 137 | |             "#
[INFO] [stdout] 138 | |     )
[INFO] [stdout]     | |_____^
[INFO] [stdout]     |
[INFO] [stdout]     = note: this error originates in the macro `$crate::sqlx_macros::expand_query` which comes from the expansion of the macro `sqlx::query_as` (in Nightly builds, run with -Z macro-backtrace for more info)
[INFO] [stdout] 
[INFO] [stdout] 
[INFO] [stdout] error: error communicating with database: Cannot assign requested address (os error 99)
[INFO] [stdout]    --> src/main.rs:188:19
[INFO] [stdout]     |
[INFO] [stdout] 188 |       let records = sqlx::query!(
[INFO] [stdout]     |  ___________________^
[INFO] [stdout] 189 | |         r#"
[INFO] [stdout] 190 | |             UPDATE jobs
[INFO] [stdout] 191 | |             SET status = 'Running'
[INFO] [stdout] ...   |
[INFO] [stdout] 201 | |             "#
[INFO] [stdout] 202 | |     )
[INFO] [stdout]     | |_____^
[INFO] [stdout]     |
[INFO] [stdout]     = note: this error originates in the macro `$crate::sqlx_macros::expand_query` which comes from the expansion of the macro `sqlx::query` (in Nightly builds, run with -Z macro-backtrace for more info)
[INFO] [stdout] 
[INFO] [stdout] 
[INFO] [stdout] error: error communicating with database: Cannot assign requested address (os error 99)
[INFO] [stdout]    --> src/main.rs:123:16
[INFO] [stdout]     |
[INFO] [stdout] 123 |       let jobs = sqlx::query_as!(
[INFO] [stdout]     |  ________________^
[INFO] [stdout] 124 | |         JobRow,
[INFO] [stdout] 125 | |         r#"
[INFO] [stdout] 126 | |             UPDATE jobs
[INFO] [stdout] ...   |
[INFO] [stdout] 137 | |             "#
[INFO] [stdout] 138 | |     )
[INFO] [stdout]     | |_____^
[INFO] [stdout]     |
[INFO] [stdout]     = note: this error originates in the macro `$crate::sqlx_macros::expand_query` which comes from the expansion of the macro `sqlx::query_as` (in Nightly builds, run with -Z macro-backtrace for more info)
[INFO] [stdout] 
[INFO] [stdout] 
[INFO] [stdout] error: error communicating with database: Cannot assign requested address (os error 99)
[INFO] [stdout]    --> src/main.rs:188:19
[INFO] [stdout]     |
[INFO] [stdout] 188 |       let records = sqlx::query!(
[INFO] [stdout]     |  ___________________^
[INFO] [stdout] 189 | |         r#"
[INFO] [stdout] 190 | |             UPDATE jobs
[INFO] [stdout] 191 | |             SET status = 'Running'
[INFO] [stdout] ...   |
[INFO] [stdout] 201 | |             "#
[INFO] [stdout] 202 | |     )
[INFO] [stdout]     | |_____^
[INFO] [stdout]     |
[INFO] [stdout]     = note: this error originates in the macro `$crate::sqlx_macros::expand_query` which comes from the expansion of the macro `sqlx::query` (in Nightly builds, run with -Z macro-backtrace for more info)
[INFO] [stdout] 
[INFO] [stdout] 
[INFO] [stdout] warning: unused import: `serde_json::json`
[INFO] [stdout]  --> src/main.rs:5:5
[INFO] [stdout]   |
[INFO] [stdout] 5 | use serde_json::json;
[INFO] [stdout]   |     ^^^^^^^^^^^^^^^^
[INFO] [stdout]   |
[INFO] [stdout]   = note: `#[warn(unused_imports)]` on by default
[INFO] [stdout] 
[INFO] [stdout] 
[INFO] [stdout] warning: unused import: `serde_json::json`
[INFO] [stdout]  --> src/main.rs:5:5
[INFO] [stdout]   |
[INFO] [stdout] 5 | use serde_json::json;
[INFO] [stdout]   |     ^^^^^^^^^^^^^^^^
[INFO] [stdout]   |
[INFO] [stdout]   = note: `#[warn(unused_imports)]` on by default
[INFO] [stdout] 
[INFO] [stdout] 
[INFO] [stdout] error: aborting due to 3 previous errors; 1 warning emitted
[INFO] [stdout] 
[INFO] [stdout] 
[INFO] [stdout] error: aborting due to 3 previous errors; 1 warning emitted
[INFO] [stdout] 
[INFO] [stdout] 
[INFO] [stderr] error: could not compile `sqlx-pb` (bin "sqlx-pb") due to 4 previous errors; 1 warning emitted
[INFO] [stderr] warning: build failed, waiting for other jobs to finish...
[INFO] [stderr] error: could not compile `sqlx-pb` (bin "sqlx-pb" test) due to 4 previous errors; 1 warning emitted
[INFO] running `Command { std: "docker" "inspect" "04097c366866888b28bda73cf3f25500d0a0d316aa8f2a60d1a903a16f3a0d1b", kill_on_drop: false }`
[INFO] running `Command { std: "docker" "rm" "-f" "04097c366866888b28bda73cf3f25500d0a0d316aa8f2a60d1a903a16f3a0d1b", kill_on_drop: false }`
[INFO] [stdout] 04097c366866888b28bda73cf3f25500d0a0d316aa8f2a60d1a903a16f3a0d1b
